+ 12*v + 116. Determine z(-4).
-12
Let r(w) = w**3 + 8*w**2 - 13*w - 1. What is r(-10)?
-71
Let y(m) = -2*m**2 + 493*m + 38232. Calculate y(-62).
-22
Let h(i) = i**2 - 109*i + 2015. Calculate h(80).
-305
Let w(f) = f**3 - 109*f**2 - 343*f + 738. Give w(112).
-46
Let k(b) = -b**3 + 8*b**2 + 25*b - 203. Calculate k(8).
-3
Let o(v) = -17*v**2 - 212*v + 7. Calculate o(-13).
-110
Let r(p) = -22*p**2 - 105*p + 14. Give r(-5).
-11
Let h(b) = -8*b + 114. Give h(15).
-6
Let k(r) = -r**3 - 2*r**2 + 343*r + 32. Determine k(17).
372
Let l(a) = -a**2 - 13*a + 28. Give l(-19).
-86
Let l(o) = 4*o**2 - 11*o - 83. What is l(6)?
-5
Let p(i) = 2*i**2 - 325*i + 2203. Calculate p(7).
26
Let r(i) = i**3 - 32*i**2 + 130*i + 150. What is r(27)?
15
Let t(m) = -5*m**2 - 112*m - 45. Give t(-13).
566
Let d(w) = -w**3 + 6*w**2 - 86. What is d(-4)?
74
Let p(w) = w**3 - w**2 - 3*w - 5. Calculate p(-5).
-140
Let n(f) = 65*f - 1529. Calculate n(24).
31
Let h(u) = 39*u**3 + 6*u**2 + 23*u + 47. Give h(-2).
-287
Let y(r) = 97*r - 4951. Determine y(51).
-4
Let m(t) = 2*t**2 + 16*t - 243. Give m(-16).
13
Let m(i) = -2*i**2 - 9*i + 81. What is m(8)?
-119
Let p(v) = 3*v**3 + 41*v**2 + 24*v - 14. Give p(-13).
12
Let i(k) = -4*k**3 - 588*k**2 + k + 180. Calculate i(-147).
33
Let g(a) = a**3 + 15*a**2 - 499*a - 100. What is g(-31)?
-7
Let n(w) = -47*w + 182. Give n(12).
-382
Let n(a) = -a**3 + 17*a**2 - 33*a + 284. What is n(10)?
654
Let g(u) = -u**3 + 42*u**2 - 45*u + 163. Determine g(41).
-1
Let s(t) = 15*t - 157. Give s(7).
-52
Let f(n) = -n**3 - 7*n**2 + 64*n - 131. Calculate f(3).
-29
Let x(u) = 4*u**3 - 173*u**2 - 336*u + 19. Give x(-2).
-33
Let u(i) = -2*i**3 + 211*i**2 + 109*i - 317. What is u(106)?
1
Let k(v) = -v**3 + 3*v**2 - 45*v + 360. Calculate k(7).
-151
Let g(o) = o**3 - 18*o**2 + 2*o - 15. Calculate g(18).
21
Let n(a) = 35*a + 47. Calculate n(0).
47
Let i(p) = -10*p**2 + 858*p + 175. Calculate i(86).
3
Let v(y) = -93*y + 9847. What is v(105)?
82
Let o(j) = -j**3 - 12*j**2 + 75*j - 22. Give o(-17).
148
Let h(y) = 21*y + 364. Determine h(-16).
28
Let g(x) = -x**2 + 3*x + 725. What is g(26)?
127
Let n(l) = -l**3 + 3*l**2 - 43*l + 134. Give n(3).
5
Let o(q) = 5*q**2 + 161*q - 105. Give o(-33).
27
Let n(d) = 2*d**2 - 113*d + 332. Determine n(3).
11
Let h(a) = a**3 + 106*a**2 - 332*a - 555. Calculate h(-109).
-10
Let z(y) = 18*y + 318. Determine z(-29).
-204
Let s(c) = c**3 + 15*c**2 + 9*c + 113. Give s(-15).
-22
Let f(j) = -3*j**2 - 34*j - 101. Give f(-6).
-5
Let m(i) = -2*i**3 + 232*i**2 + 235*i - 98. Determine m(117).
19
Let d(n) = 9*n**2 - 23. Calculate d(0).
-23
Let z(o) = o**3 - 6*o**2 + 581*o - 1144. Give z(2).
2
Let x(u) = 41*u + 651. What is x(-16)?
-5
Let x(q) = -10*q**2 + 716*q + 293. What is x(72)?
5
Let o(n) = -n**2 + 27*n - 157. Give o(19).
-5
Let x(v) = 1181*v - 1222. Give x(1).
-41
Let g(m) = m**3 + 20*m**2 - 32*m - 68. What is g(-21)?
163
Let q(n) = -n**3 + 8*n**2 + 54*n - 27. Determine q(12).
45
Let m(w) = -w**3 - 61*w**2 + 189*w - 179. Determine m(-64).
13
Let r(p) = 79*p**2 - 3088*p + 262. Give r(39).
-11
Let j(c) = -2*c**2 - 180*c - 705. Give j(-4).
-17
Let g(d) = 8*d**2 - 148*d - 77. What is g(19)?
-1
Let s(p) = -2*p**2 - 45*p - 15. Calculate s(-18).
147
Let z(u) = -38*u + 1330. Determine z(35).
0
Let o(t) = 21*t - 241. Determine o(8).
-73
Let b(x) = 4*x**3 + 17*x**2 - 13*x - 30. What is b(-6)?
-204
Let i(c) = -197*c + 2166. Determine i(11).
-1
Let a(v) = -v**3 + v**2 - 11*v + 45. Give a(6).
-201
Let g(m) = 5*m**2 - 8*m + 36. Give g(3).
57
Let y(p) = 4*p**2 + 189*p - 955. What is y(5)?
90
Let c(z) = -9*z + 264. Determine c(24).
48
Let i(h) = -4*h**3 - 20*h**2 - 7*h - 8. Determine i(-4).
-44
Let p(t) = -t**2 - 26*t + 72. Determine p(-29).
-15
Let l(v) = 138*v - 1975. Give l(15).
95
Let c(a) = a**3 - 9*a**2 + 4*a + 45. Calculate c(8).
13
Let o(z) = 3*z - 40. Determine o(28).
44
Let q(a) = a**3 - a**2 - 69*a - 60. Determine q(-10).
-470
Let d(i) = -4393*i - 39514. Determine d(-9).
23
Let l(p) = 62*p**2 + 3*p - 4. What is l(1)?
61
Let w(q) = -4*q**2 - 54*q - 53. Determine w(-1).
-3
Let l(w) = -38*w - 1179. Determine l(-34).
113
Let r(t) = 157*t + 1876. Calculate r(-12).
-8
Let c(s) = -s**3 + 12*s**2 - 24*s + 11. Calculate c(10).
-29
Let o(f) = -f**2 - 80*f - 1171. What is o(-60)?
29
Let g(b) = -3*b**2 + 158*b - 194. Give g(52).
-90
Let p(l) = 531*l**2 + 7443*l + 115. Calculate p(-14).
-11
Let a(y) = 37*y + 67. What is a(2)?
141
Let f(d) = -79*d + 2631. Determine f(33).
24
Let h(p) = -81*p**2 - 796*p - 604. Give h(-9).
-1
Let g(q) = -65*q + 362. What is g(6)?
-28
Let r(i) = -150*i + 12171. Calculate r(81).
21
Let v(l) = -l**3 + 11*l**2 - 30*l + 210. Determine v(10).
10
Let s(m) = -2*m**3 + 70*m**2 + 73*m - 30. Determine s(36).
6
Let b(w) = 228*w + 225. What is b(-1)?
-3
Let p(l) = 6*l**3 + 3*l**2 + 119*l - 120. What is p(1)?
8
Let l(d) = 5*d**3 + 928*d**2 + 545*d - 1847. Calculate l(-185).
3
Let c(o) = o**3 + 36*o**2 + 73*o - 33. Determine c(-34).
-203
Let b(g) = -22*g - 689. Give b(-31).
-7
Let c(j) = -2*j**3 - 7*j**2 + 294*j - 6. What is c(-14)?
-6
Let b(f) = -94*f - 20053. What is b(-213)?
-31
Let d(p) = p**3 - 102*p**2 + 2115*p + 81. What is d(29)?
23
Let s(h) = 347*h - 11113. Give s(32).
-9
Let v(l) = -25*l**2 + 268*l - 648. Calculate v(7).
3
Let l(f) = 146*f - 21459. Give l(147).
3
Let i(v) = -32*v**2 + 44*v + 43. Give i(-1).
-33
Let q(j) = -2*j**3 + 15*j**2 + 327*j - 23. Calculate q(17).
45
Let w(u) = -12*u + 346. What is w(27)?
22
Let n(i) = -16*i - 333. Give n(-21).
3
Let c(h) = -h**3 - 12*h**2 + 28*h - 9. What is c(2)?
-9
Let j(q) = 6*q**2 - 3*q - 1. What is j(-5)?
164
Let r(z) = 741*z - 2458. Calculate r(3).
-235
Let z(k) = k**3 - 49*k**2 + 125*k + 593. Determine z(46).
-5
Let y(u) = 5*u**2 + 4*u - 8. Give y(-3).
25
Let b(y) = -57*y - 387. Determine b(-4).
-159
Let l(n) = -n**3 + 4*n**2 + 9*n - 13. Give l(7).
-97
Let s(f) = 124*f + 132. Give s(-1).
8
Let z(h) = -12*h**3 + 183*h**2 - 211*h + 31. Calculate z(14).
17
Let y(f) = f**3 - f**2 - 35*f + 13. Calculate y(5).
-62
Let l(w) = 10*w - 348. Determine l(25).
-98
Let y(h) = 14*h**2 - 19*h + 17. What is y(1)?
12
Let p(i) = -11*i + 306. Give p(30).
-24
Let o(c) = -41*c + 251. Give o(6).
5
Let d(v) = -764*v + 1527. What is d(2)?
-1
Let f(h) = 13*h**2 + 24*h - 2. What is f(-2)?
2
Let j(s) = 17*s**2 - 98*s - 304. Calculate j(8).
0
Let m(y) = -y**2 - 15*y - 2. Give m(-8).
54
Let c(x) = -x**2 + 6*x + 32. Give c(11).
-23
Let u(i) = -3*i**3 - 62*i**2 - 48*i - 84. Determine u(-20).
76
Let u(k) = 25081*k + 175569. What is u(-7)?
2
Let c(s) = s - 107. Determine c(6).
-101
Let a(u) = -13*u + 62. Determine a(13).
-107
Let l(c) = -c**3 + 20*c**2 - 67*c + 633. Calculate l(19).
-279
Let x(o) = 14*o**3 + 2*o**2 + 25*o - 52. What is x(2)?
118
Let y(d) = -2*d**3 - 10*d**2 + 24*d + 78. Give y(-6).
6
Let z(s) = s**3 + 14*s**2 + 2*s + 3. Calculate z(-6).
279
Let y(n) = -2*n**3 + 17*n**2 - 43*n + 9. Give y(6).
-69
Let a(s) = 707*s + 113832. Calculate a(-161).
5
Let x(j) = 17*j - 898. Give x(55).
37
Let t(g) = -g**2 - 1096*g + 7725. Determine t(7).
4
Let w(y) = 5*y**3 + 25*y**2 - 21*y - 115. Determine w(-5).
-10
Let y(m) = -576*m + 2314. Give y(4).
10
Let d(j) = -49*j**2 + 3771*j + 101. Determine d(77).
-53
Let h(c) = 26*c - 77. Determine h(0).
-77
Let k(y) = 308*y + 624. Calculate k(-2).
8
Let d(p) = -6*p**3 + p**2 + 3*p + 1. Give d(-1).
5
Let q(z) = z**2 - 75*z - 119. Give q(57).
-1145
Let a(b) = b**2 + 322*b + 12695. Determine a(-46).
-1
Let l(q) = -1397*q**2 - 1413*q. Determine l(-1).
16
Let u(f) = -f**3 - 34*f**2 - 92*f + 130. Determine u(-30).
-710
Let b(x) = 48*x - 32. Determine b(-7).
-368
Let u(r) = -26*r + 700. Calculate u(31).
-106
Let u(s) = -2*s**2 + 96*s - 93. What is u(47)?
1
Let s(p) = 2*p**3 - 5*p**2 - p + 23. What is s(6)?
269
Let p(o) = 264*o + 233. Give p(-1).
-31
Let f(a) = -9*a**2 + 114*a - 12. Give f(11).
153
Let r(z) = z**3 + 63*z**2 - 989*z - 43. Give r(-76).
33
Let a(s) = -2*s**3 - 74*s**2 + 30*s + 1114. Calculate a(-37).
4
Let d(v) = -v**3 - 22*v**2 - 99*v - 25. Determine d(-6).
-7
Let a(i) = -51*i - 1381. Give a(-29).
98
Let a(w) = 42*w - 1498. Calculate a(36).
14
Let u(h) = 173*h - 1916. Give u(11).
-13
Let y(b) = 2*b**3 - 38*b**2 - 3777*b - 168. Determine y(54).
-6
Let h(f) = 143*f - 1008